{"id":24099,"date":"2025-11-26T12:11:20","date_gmt":"2025-11-26T04:11:20","guid":{"rendered":"https:\/\/yebodaglass.com\/?post_type=product&#038;p=24099"},"modified":"2025-11-27T17:06:46","modified_gmt":"2025-11-27T09:06:46","slug":"wholesale-clear-airtight-glass-jars-with-attached-lids","status":"publish","type":"product","link":"https:\/\/yebodaglass.com\/hu\/termek\/wholesale-clear-airtight-glass-jars-with-attached-lids\/","title":{"rendered":"Nagykereskedelmi \u00e1tl\u00e1tsz\u00f3, l\u00e9gmentesen z\u00e1r\u00f3d\u00f3 \u00fcveged\u00e9nyek 25oz, 32oz, 50oz fed\u00e9llel"},"content":{"rendered":"<p>Ezek a l\u00e9gmentesen z\u00e1r\u00f3d\u00f3 \u00fcveged\u00e9nyek \u00e1tl\u00e1tsz\u00f3 \u00fcvegb\u0151l k\u00e9sz\u00fcltek, \u00e9s h\u00e1rom st\u00edlusos, v\u00e9kony, kerek form\u00e1ban kaphat\u00f3k. Minden \u00fcveghez f\u00e9m fed\u00e9l tartozik. A l\u00e9gmentesen z\u00e1r\u00f3d\u00f3 fed\u00e9l nagyszer\u0171 m\u00f3dja annak, hogy frissen tartsuk a k\u00fcl\u00f6nf\u00e9le \u00e9teleket, p\u00e9ld\u00e1ul a te\u00e1t \u00e9s a t\u00e9szt\u00e1t.<\/p>\n<h2>Term\u00e9kjellemz\u0151k<\/h2>\n<ul>\n<li><strong>\u00c1tl\u00e1tsz\u00f3 anyag, tiszta n\u00e9zet:<\/strong> Az \u00fcveg teljesen \u00e1tl\u00e1tsz\u00f3 \u00fcvegb\u0151l k\u00e9sz\u00fclt, \u00edgy a tartalom t\u00edpusa \u00e9s mennyis\u00e9ge j\u00f3l l\u00e1that\u00f3, ez\u00e9rt nem kell kinyitni az \u00fcveget a gyors azonos\u00edt\u00e1shoz.<\/li>\n<li><strong>Val\u00f3di t\u00f6m\u00edt\u00e9sv\u00e9delem:<\/strong> A vastag gumit\u00f6m\u00edt\u0151gy\u0171r\u0171 er\u0151s t\u00f6m\u00edt\u00e9st biztos\u00edt, \u00edgy hat\u00e9konyan tasz\u00edtja a nedvess\u00e9get \u00e9s a k\u00e1rtev\u0151ket, ami viszont frissen tartja az \u00e9lelmiszert.<\/li>\n<li><strong>Egy darabb\u00f3l \u00e1ll\u00f3 fed\u00e9l, ami sosem v\u00e9sz el:<\/strong> A fed\u00e9l szil\u00e1rdan csatlakozik az \u00fcveg test\u00e9hez, \u00edgy nem okoz gondot a fed\u00e9l elveszt\u00e9se, \u00e9s a konyhai m\u0171veletek k\u00e9nyelmesebb\u00e9 v\u00e1lnak.<\/li>\n<\/ul>\n<h2 style=\"text-align: left;\">F\u0151bb specifik\u00e1ci\u00f3k<\/h2>\n<table class=\"aligncenter\" style=\"border-collapse: collapse; width: 417.02pt;\" border=\"0\" width=\"556\" cellspacing=\"0\" cellpadding=\"0\">\n<tbody>\n<tr style=\"height: 13.50pt;\">\n<td style=\"height: 13.50pt; width: 99.75pt;\" width=\"133\" height=\"18\">Specifik\u00e1ci\u00f3<\/td>\n<td style=\"width: 317.25pt;\" width=\"423\">R\u00e9szletek<\/td>\n<\/tr>\n<tr style=\"height: 13.50pt;\">\n<td style=\"height: 13.50pt;\" height=\"18\">Kapacit\u00e1s<\/td>\n<td>750 ml (25 uncia) \/ 1000 ml (32 uncia) \/ 1500 ml (50 uncia)<\/td>\n<\/tr>\n<tr style=\"height: 13.50pt;\">\n<td style=\"height: 13.50pt;\" height=\"18\">M\u00e9retek<\/td>\n<td>10,8 \u00d7 14 cm \/ 11 \u00d7 17 cm \/ 11,6 \u00d7 21,8 cm<\/td>\n<\/tr>\n<tr style=\"height: 13.50pt;\">\n<td style=\"height: 13.50pt;\" height=\"18\">Anyag<\/td>\n<td>Tiszta \u00fcveg<\/td>\n<\/tr>\n<tr style=\"height: 13.50pt;\">\n<td style=\"height: 13.50pt;\" height=\"18\">Fed\u00e9l t\u00edpusa<\/td>\n<td>Csatlakoztatott f\u00e9m bilincs fed\u00e9l dr\u00f3tkengyellel<\/td>\n<\/tr>\n<tr style=\"height: 13.50pt;\">\n<td style=\"height: 13.50pt;\" height=\"18\">Ide\u00e1lis a k\u00f6vetkez\u0151kh\u00f6z:<\/td>\n<td>L\u00e9gmentesen z\u00e1r\u00f3d\u00f3 \u00fcvegek, \u00fcvegek r\u00f6gz\u00edtett fed\u00e9llel<\/td>\n<\/tr>\n<\/tbody>\n<\/table>\n<h2>Sikert\u00f6rt\u00e9net: Egy k\u00fcl\u00f6nleges \u00e9lelmiszereket \u00e1rus\u00edt\u00f3 kiskeresked\u0151 t\u00e1rol\u00e1si megold\u00e1sa<\/h2>\n<p>Egy szak\u00fczlet neh\u00e9zs\u00e9gekbe \u00fctk\u00f6z\u00f6tt a pr\u00e9mium term\u00e9keinek csomagol\u00e1s\u00e1val, amely nem mutatta be hat\u00e9konyan a term\u00e9keit. K\u00e9s\u0151bb elkezdt\u00e9k haszn\u00e1lni az 1500 ml-es, fed\u0151vel ell\u00e1tott \u00fcvegeinket a sz\u00e1raz\u00e1ru-r\u00e9szleg\u00fck\u00f6n. Az egy darabb\u00f3l \u00e1ll\u00f3 fed\u00e9l 100%-kal cs\u00f6kkenti a fed\u00e9l s\u00e9r\u00fcl\u00e9s\u00e9t, \u00e9s k\u00e9nyelmesebb\u00e9 teszi az \u00f6nkiszolg\u00e1l\u00e1st a v\u00e1s\u00e1rl\u00f3k sz\u00e1m\u00e1ra. A v\u00e1s\u00e1rl\u00f3i visszajelz\u00e9sek alapj\u00e1n a l\u00e9gmentes z\u00e1r\u00e1s kiv\u00e1l\u00f3, ak\u00e1r 50%-kal meghosszabb\u00edtja a gabonapelyhek \u00e9s t\u00e9szt\u00e1k eltarthat\u00f3s\u00e1g\u00e1t. Figyelemre m\u00e9lt\u00f3 hat\u00e9konys\u00e1g\u00e1nak k\u00f6sz\u00f6nhet\u0151en t\u00f6bb mint 200 000 palackot rendelt az \u00f6sszes \u00fczlet\u00e9nek felszerel\u00e9s\u00e9hez.<\/p>\n<h2>Testreszab\u00e1si tippek l\u00e9gmentesen z\u00e1r\u00f3d\u00f3 \u00fcvegekhez<\/h2>\n<ul>\n<li>Kiemelt kapacit\u00e1sjelz\u0151k \u2013 Kiemelked\u0151 oszt\u00e1sok a k\u00f6nny\u0171 adagvez\u00e9rl\u00e9shez<\/li>\n<li>Szitanyomott m\u00e1rkalog\u00f3 \u2013 Tart\u00f3s ker\u00e1mia tint\u00e1val tart\u00f3s eredm\u00e9nyt biztos\u00edt<\/li>\n<li>Sz\u00ednes t\u00f6m\u00edt\u0151gy\u0171r\u0171k \u2013 V\u00e1lasszon olyan szilikon t\u00f6m\u00edt\u0151gy\u0171r\u0171t, amely illik a m\u00e1rk\u00e1ja sz\u00edns\u00e9m\u00e1j\u00e1hoz<\/li>\n<li>Egyedi \u00fcvegar\u00e1nyok \u2013 \u00c1ll\u00edtsa be az \u00fcveg k\u00e9par\u00e1ny\u00e1t az egyedi sziluett \u00e9rdek\u00e9ben<\/li>\n<\/ul>","protected":false},"excerpt":{"rendered":"<p>L\u00e9gmentesen z\u00e1r\u00f3d\u00f3 \u00fcvegeink \u00e9s fed\u0151vel ell\u00e1tott \u00fcvegeink biztons\u00e1gos \u00e9lelmiszert\u00e1rol\u00e1st \u00e9s tiszta megjelen\u00e9st biztos\u00edtanak, nagykereskedelmi aj\u00e1nlatokkal a nagykereskedelmi megrendel\u00e9sek eset\u00e9n.<\/p>","protected":false},"featured_media":24135,"template":"","meta":[],"product_brand":[],"product_cat":[122,134,124],"product_tag":[],"class_list":{"0":"post-24099","1":"product","2":"type-product","3":"status-publish","4":"has-post-thumbnail","6":"product_cat-custom-glass-packaging","7":"product_cat-airtight-jars","8":"product_cat-custom-glass-jars","10":"first","11":"instock","12":"shipping-taxable","13":"product-type-simple"},"jetpack_sharing_enabled":true,"_links":{"self":[{"href":"https:\/\/yebodaglass.com\/hu\/wp-json\/wp\/v2\/product\/24099","targetHints":{"allow":["GET"]}}],"collection":[{"href":"https:\/\/yebodaglass.com\/hu\/wp-json\/wp\/v2\/product"}],"about":[{"href":"https:\/\/yebodaglass.com\/hu\/wp-json\/wp\/v2\/types\/product"}],"version-history":[{"count":5,"href":"https:\/\/yebodaglass.com\/hu\/wp-json\/wp\/v2\/product\/24099\/revisions"}],"predecessor-version":[{"id":24146,"href":"https:\/\/yebodaglass.com\/hu\/wp-json\/wp\/v2\/product\/24099\/revisions\/24146"}],"wp:featuredmedia":[{"embeddable":true,"href":"https:\/\/yebodaglass.com\/hu\/wp-json\/wp\/v2\/media\/24135"}],"wp:attachment":[{"href":"https:\/\/yebodaglass.com\/hu\/wp-json\/wp\/v2\/media?parent=24099"}],"wp:term":[{"taxonomy":"product_brand","embeddable":true,"href":"https:\/\/yebodaglass.com\/hu\/wp-json\/wp\/v2\/product_brand?post=24099"},{"taxonomy":"product_cat","embeddable":true,"href":"https:\/\/yebodaglass.com\/hu\/wp-json\/wp\/v2\/product_cat?post=24099"},{"taxonomy":"product_tag","embeddable":true,"href":"https:\/\/yebodaglass.com\/hu\/wp-json\/wp\/v2\/product_tag?post=24099"}],"curies":[{"name":"wp","href":"https:\/\/api.w.org\/{rel}","templated":true}]}}

Nagykereskedelmi átlátszó, légmentesen záródó üvegedények 25oz, 32oz, 50oz fedéllel

<p>Ezek a légmentesen záródó üvegedények átlátszó üvegből készültek, és három stílusos, vékony, kerek formában kaphatók. Minden üveghez fém fedél tartozik. A légmentesen záródó fedél nagyszerű módja annak, hogy frissen tartsuk a különféle ételeket, például a teát és a tésztát.</p>
<h2>Termékjellemzők</h2>
<ul>
<li><strong>Átlátszó anyag, tiszta nézet:</strong> Az üveg teljesen átlátszó üvegből készült, így a tartalom típusa és mennyisége jól látható, ezért nem kell kinyitni az üveget a gyors azonosításhoz.</li>
<li><strong>Valódi tömítésvédelem:</strong> A vastag gumitömítőgyűrű erős tömítést biztosít, így hatékonyan taszítja a nedvességet és a kártevőket, ami viszont frissen tartja az élelmiszert.</li>
<li><strong>Egy darabból álló fedél, ami sosem vész el:</strong> A fedél szilárdan csatlakozik az üveg testéhez, így nem okoz gondot a fedél elvesztése, és a konyhai műveletek kényelmesebbé válnak.</li>
</ul>
<h2 style="text-align: left;">Főbb specifikációk</h2>
<table class="aligncenter" style="border-collapse: collapse; width: 417.02pt;" border="0" width="556" cellspacing="0" cellpadding="0">
<tbody>
<tr style="height: 13.50pt;">
<td style="height: 13.50pt; width: 99.75pt;" width="133" height="18">Specifikáció</td>
<td style="width: 317.25pt;" width="423">Részletek</td>
</tr>
<tr style="height: 13.50pt;">
<td style="height: 13.50pt;" height="18">Kapacitás</td>
<td>750 ml (25 uncia) / 1000 ml (32 uncia) / 1500 ml (50 uncia)</td>
</tr>
<tr style="height: 13.50pt;">
<td style="height: 13.50pt;" height="18">Méretek</td>
<td>10,8 × 14 cm / 11 × 17 cm / 11,6 × 21,8 cm</td>
</tr>
<tr style="height: 13.50pt;">
<td style="height: 13.50pt;" height="18">Anyag</td>
<td>Tiszta üveg</td>
</tr>
<tr style="height: 13.50pt;">
<td style="height: 13.50pt;" height="18">Fedél típusa</td>
<td>Csatlakoztatott fém bilincs fedél drótkengyellel</td>
</tr>
<tr style="height: 13.50pt;">
<td style="height: 13.50pt;" height="18">Ideális a következőkhöz:</td>
<td>Légmentesen záródó üvegek, üvegek rögzített fedéllel</td>
</tr>
</tbody>
</table>
<h2>Sikertörténet: Egy különleges élelmiszereket árusító kiskereskedő tárolási megoldása</h2>
<p>Egy szaküzlet nehézségekbe ütközött a prémium termékeinek csomagolásával, amely nem mutatta be hatékonyan a termékeit. Később elkezdték használni az 1500 ml-es, fedővel ellátott üvegeinket a szárazáru-részlegükön. Az egy darabból álló fedél 100%-kal csökkenti a fedél sérülését, és kényelmesebbé teszi az önkiszolgálást a vásárlók számára. A vásárlói visszajelzések alapján a légmentes zárás kiváló, akár 50%-kal meghosszabbítja a gabonapelyhek és tészták eltarthatóságát. Figyelemre méltó hatékonyságának köszönhetően több mint 200 000 palackot rendelt az összes üzletének felszereléséhez.</p>
<h2>Testreszabási tippek légmentesen záródó üvegekhez</h2>
<ul>
<li>Kiemelt kapacitásjelzők – Kiemelkedő osztások a könnyű adagvezérléshez</li>
<li>Szitanyomott márkalogó – Tartós kerámia tintával tartós eredményt biztosít</li>
<li>Színes tömítőgyűrűk – Válasszon olyan szilikon tömítőgyűrűt, amely illik a márkája színsémájához</li>
<li>Egyedi üvegarányok – Állítsa be az üveg képarányát az egyedi sziluett érdekében</li>
</ul>

<p>Légmentesen záródó üvegeink és fedővel ellátott üvegeink biztonságos élelmiszertárolást és tiszta megjelenést biztosítanak, nagykereskedelmi ajánlatokkal a nagykereskedelmi megrendelések esetén.</p>
