{"id":23384,"date":"2025-11-07T17:11:18","date_gmt":"2025-11-07T09:11:18","guid":{"rendered":"https:\/\/yebodaglass.com\/?post_type=product&#038;p=23384"},"modified":"2026-03-19T10:59:11","modified_gmt":"2026-03-19T02:59:11","slug":"empty-mini-spice-jars-with-shaker-lid-wholesale","status":"publish","type":"product","link":"https:\/\/yebodaglass.com\/hu\/termek\/empty-mini-spice-jars-with-shaker-lid-wholesale\/","title":{"rendered":"10ml 15ml \u00dcres Mini F\u0171szeres \u00dcvegek Shaker Fed\u00e9llel Nagykereskedelem"},"content":{"rendered":"<p>Ezek a mini f\u0171szertart\u00f3k eleg\u00e1ns, sz\u00f6gletes \u00e9s k\u00fapos, \u00e1tl\u00e1tsz\u00f3 \u00fcvegb\u0151l k\u00e9sz\u00fcltek, karcs\u00fa ez\u00fcst f\u00e9m fed\u00e9llel. Kis m\u00e9ret\u00fck ide\u00e1lis a konyhapultokon, piknikeken vagy kisebb konyh\u00e1kban.<\/p>\n<h2>Term\u00e9kjellemz\u0151k<\/h2>\n<ul>\n<li><strong>Krist\u00e1ly\u200b\u200d\u200b\u200c\u200d\u200b\u200d\u200b\u200d\u200b\u200c\u200d\u200b\u200d\u200d\u200c \u00c1tl\u00e1tsz\u00f3 \u00fcveg: <\/strong>Mini f\u0171szertart\u00f3ink tart\u00f3s, \u00f3lommentes \u00e9s BPA-mentes \u00fcvegb\u0151l k\u00e9sz\u00fclnek, \u00e9s mosogat\u00f3g\u00e9pben moshat\u00f3k, \u00edgy k\u00f6nnyen tiszt\u00edthat\u00f3k \u00e9s biztons\u00e1gi agg\u00e1lyok n\u00e9lk\u00fcl, naponta haszn\u00e1lhat\u00f3k.<\/li>\n<li><strong>Kiv\u00e1l\u00f3 kerek \u00e9s sz\u00f6gletes m\u00e9retek: <\/strong>Mini f\u0171szertart\u00f3ink kompakt, sz\u00f6gletes \u00e9s kerek kialak\u00edt\u00e1sa nemcsak t\u00f6k\u00e9letes t\u00e1rol\u00f3helyet biztos\u00edt cukornak, s\u00f3nak \u00e9s borsnak b\u00e1rmelyik konyhai polcon, hanem vizu\u00e1lisan is vonz\u00f3v\u00e1 teszi \u0151ket.<\/li>\n<li><strong>Perfor\u00e1lt f\u00e9m csavaros kupak:<\/strong> Perfor\u00e1lt f\u00e9m csavaros kupakkal rendelkezik, amely egyenletes perfor\u00e1ci\u00f3-eloszl\u00e1ssal rendelkezik a f\u0171szer kiadagol\u00e1s\u00e1nak megfelel\u0151 szab\u00e1lyoz\u00e1sa \u00e9rdek\u00e9ben.<\/li>\n<\/ul>\n<h2>F\u0151bb specifik\u00e1ci\u00f3k<\/h2>\n<table style=\"border-collapse: collapse; width: 80%; margin-left: auto; margin-right: auto;\" border=\"0\" width=\"603\" cellspacing=\"0\" cellpadding=\"0\">\n<tbody>\n<tr style=\"height: 13.50pt;\">\n<td style=\"height: 13.5pt; width: 54pt; text-align: center;\" width=\"72\" height=\"18\">Kapacit\u00e1s<\/td>\n<td style=\"width: 182.25pt; text-align: center;\" width=\"243\">Alak<\/td>\n<td style=\"width: 54pt; text-align: center;\" width=\"72\">M\u00e9ret (cm)<\/td>\n<td style=\"width: 54pt; text-align: center;\" width=\"72\">Sz\u00ednbe\u00e1ll\u00edt\u00e1sok<\/td>\n<td style=\"width: 54pt; text-align: center;\" width=\"72\">Fed\u00e9l t\u00edpusa<\/td>\n<td style=\"width: 54pt; text-align: center;\" width=\"72\">Haszn\u00e1lat<\/td>\n<\/tr>\n<tr style=\"height: 13.50pt;\">\n<td style=\"height: 13.5pt; text-align: center;\" height=\"18\">10 ml<\/td>\n<td class=\"et2\" style=\"text-align: center;\" rowspan=\"2\">Kerek, N\u00e9gyzet alak\u00fa<\/td>\n<td style=\"text-align: center;\">2,9 \u00d7 4,1<\/td>\n<td class=\"et2\" style=\"text-align: center;\" rowspan=\"2\">Tiszta, elfogadja a testreszab\u00e1st<\/td>\n<td class=\"et2\" style=\"text-align: center;\" rowspan=\"2\">Rozsdamentes ac\u00e9l<\/td>\n<td class=\"et2\" style=\"text-align: center;\" rowspan=\"2\">Csomagoljuk be a paprikaport, a chiliport, a csirkeh\u00faslevest, a s\u00f3t stb.<\/td>\n<\/tr>\n<tr style=\"height: 13.50pt;\">\n<td style=\"height: 13.5pt; text-align: center;\" height=\"18\">15 ml<\/td>\n<td style=\"text-align: center;\">3,1 x 4,6<\/td>\n<\/tr>\n<\/tbody>\n<\/table>\n<h2>Sikert\u00f6rt\u00e9net: Egy jap\u00e1n kiskeresked\u0151 bestseller term\u00e9ke<\/h2>\n<p>Az egyik jap\u00e1n kiskeresked\u0151 a k\u00e9t form\u00e1j\u00fa mini f\u0171szertart\u00f3 k\u00e9szlet\u00fcnket v\u00e1lasztotta, \u00e9s vil\u00e1gos matt fel\u00fclettel l\u00e1tta el. A k\u00e9szlet gy\u00f6ny\u00f6r\u0171 megjelen\u00e9se a piacra l\u00e9p\u00e9s els\u0151 h\u00f3napj\u00e1ban 60 sz\u00e1zal\u00e9kos elad\u00e1si ar\u00e1nyt eredm\u00e9nyezett, \u00e9s az elt\u00f6m\u0151d\u00f6tt fedelekkel kapcsolatos v\u00e1s\u00e1rl\u00f3i panaszok 55 sz\u00e1zal\u00e9kkal cs\u00f6kkentek. A kiskeresked\u0151 annyira el\u00e9gedett volt a term\u00e9kkel, hogy tov\u00e1bbi 300 000 k\u00e9szletet rendelt orsz\u00e1gszerte \u00fczleteiben \u00e9s \u00faj e-kereskedelmi lakberendez\u00e9si \u00fczlet\u00e1g\u00e1ban.<\/p>\n<h2>Testreszab\u00e1si k\u00e9zik\u00f6nyved<\/h2>\n<ol>\n<li><strong>Egyedi Grav\u00edroz\u00e1s \u00e9s log\u00f3:<\/strong> A m\u00e1rkalog\u00f3k vagy f\u0171szernevek l\u00e9zergrav\u00edroz\u00e1sa rozsdamentes ac\u00e9l kupakokra minden palacknak \u200b\u200begyedi megjelen\u00e9st k\u00f6lcs\u00f6n\u00f6z, amely seg\u00edt a m\u00e1rkafelismer\u00e9sben \u00e9s a m\u00e1rkaidentit\u00e1s kit\u0171n\u00e9s\u00e9ben.<\/li>\n<li><strong>K\u00fcl\u00f6nb\u00f6z\u0151 adagol\u00e1si lyukak:<\/strong> A k\u00fcl\u00f6nb\u00f6z\u0151 f\u0171szerek (por, granul\u00e1tum, f\u0171szern\u00f6v\u00e9nyek) adagol\u00f3ny\u00edl\u00e1sainak m\u00e9ret\u00e9nek \u00e9s sz\u00e1m\u00e1nak v\u00e1ltoztat\u00e1s\u00e1val biztos\u00edthat\u00f3, hogy az adagol\u00e1s sima \u00e9s dugul\u00e1smentes legyen.<\/li>\n<li><strong>Kont\u00e9ner d\u00edsz\u00edt\u00e9s:<\/strong> A m\u00e1rkajelz\u00e9sek, a f\u0171szerc\u00edmk\u00e9k szitanyom\u00e1ssal vagy melegnyom\u00e1ssal t\u00f6rt\u00e9n\u0151 nyomtat\u00e1sa mellett az \u00fcvegdarabok vonz\u00f3bbak a kiskereskedelmi v\u00e1s\u00e1rl\u00f3k sz\u00e1m\u00e1ra.<\/li>\n<\/ol>","protected":false},"excerpt":{"rendered":"<p>Sokoldal\u00fa mini f\u0171szertart\u00f3k kompakt m\u00e9rettel \u00e9s r\u00e1z\u00f3fed\u00e9llel. Praktikus f\u0171szert\u00e1rol\u00f3 k\u00e9szlet s\u00f3hoz, borshoz \u00e9s f\u0171szern\u00f6v\u00e9nyekhez. Nagykereskedelmi kedvezm\u00e9nyek el\u00e9rhet\u0151k.<\/p>","protected":false},"featured_media":23388,"template":"","meta":[],"product_brand":[],"product_cat":[122,124,128],"product_tag":[],"class_list":{"0":"post-23384","1":"product","2":"type-product","3":"status-publish","4":"has-post-thumbnail","6":"product_cat-custom-glass-packaging","7":"product_cat-custom-glass-jars","8":"product_cat-spice-jars","10":"first","11":"instock","12":"shipping-taxable","13":"product-type-simple"},"jetpack_sharing_enabled":true,"_links":{"self":[{"href":"https:\/\/yebodaglass.com\/hu\/wp-json\/wp\/v2\/product\/23384","targetHints":{"allow":["GET"]}}],"collection":[{"href":"https:\/\/yebodaglass.com\/hu\/wp-json\/wp\/v2\/product"}],"about":[{"href":"https:\/\/yebodaglass.com\/hu\/wp-json\/wp\/v2\/types\/product"}],"version-history":[{"count":5,"href":"https:\/\/yebodaglass.com\/hu\/wp-json\/wp\/v2\/product\/23384\/revisions"}],"predecessor-version":[{"id":25512,"href":"https:\/\/yebodaglass.com\/hu\/wp-json\/wp\/v2\/product\/23384\/revisions\/25512"}],"wp:featuredmedia":[{"embeddable":true,"href":"https:\/\/yebodaglass.com\/hu\/wp-json\/wp\/v2\/media\/23388"}],"wp:attachment":[{"href":"https:\/\/yebodaglass.com\/hu\/wp-json\/wp\/v2\/media?parent=23384"}],"wp:term":[{"taxonomy":"product_brand","embeddable":true,"href":"https:\/\/yebodaglass.com\/hu\/wp-json\/wp\/v2\/product_brand?post=23384"},{"taxonomy":"product_cat","embeddable":true,"href":"https:\/\/yebodaglass.com\/hu\/wp-json\/wp\/v2\/product_cat?post=23384"},{"taxonomy":"product_tag","embeddable":true,"href":"https:\/\/yebodaglass.com\/hu\/wp-json\/wp\/v2\/product_tag?post=23384"}],"curies":[{"name":"wp","href":"https:\/\/api.w.org\/{rel}","templated":true}]}}

10ml 15ml Üres Mini Fűszeres Üvegek Shaker Fedéllel Nagykereskedelem

<p>Ezek a mini fűszertartók elegáns, szögletes és kúpos, átlátszó üvegből készültek, karcsú ezüst fém fedéllel. Kis méretük ideális a konyhapultokon, piknikeken vagy kisebb konyhákban.</p>
<h2>Termékjellemzők</h2>
<ul>
<li><strong>Kristály​‍​‌‍​‍​‍​‌‍​‍‍‌ Átlátszó üveg: </strong>Mini fűszertartóink tartós, ólommentes és BPA-mentes üvegből készülnek, és mosogatógépben moshatók, így könnyen tisztíthatók és biztonsági aggályok nélkül, naponta használhatók.</li>
<li><strong>Kiváló kerek és szögletes méretek: </strong>Mini fűszertartóink kompakt, szögletes és kerek kialakítása nemcsak tökéletes tárolóhelyet biztosít cukornak, sónak és borsnak bármelyik konyhai polcon, hanem vizuálisan is vonzóvá teszi őket.</li>
<li><strong>Perforált fém csavaros kupak:</strong> Perforált fém csavaros kupakkal rendelkezik, amely egyenletes perforáció-eloszlással rendelkezik a fűszer kiadagolásának megfelelő szabályozása érdekében.</li>
</ul>
<h2>Főbb specifikációk</h2>
<table style="border-collapse: collapse; width: 80%; margin-left: auto; margin-right: auto;" border="0" width="603" cellspacing="0" cellpadding="0">
<tbody>
<tr style="height: 13.50pt;">
<td style="height: 13.5pt; width: 54pt; text-align: center;" width="72" height="18">Kapacitás</td>
<td style="width: 182.25pt; text-align: center;" width="243">Alak</td>
<td style="width: 54pt; text-align: center;" width="72">Méret (cm)</td>
<td style="width: 54pt; text-align: center;" width="72">Színbeállítások</td>
<td style="width: 54pt; text-align: center;" width="72">Fedél típusa</td>
<td style="width: 54pt; text-align: center;" width="72">Használat</td>
</tr>
<tr style="height: 13.50pt;">
<td style="height: 13.5pt; text-align: center;" height="18">10 ml</td>
<td class="et2" style="text-align: center;" rowspan="2">Kerek, Négyzet alakú</td>
<td style="text-align: center;">2,9 × 4,1</td>
<td class="et2" style="text-align: center;" rowspan="2">Tiszta, elfogadja a testreszabást</td>
<td class="et2" style="text-align: center;" rowspan="2">Rozsdamentes acél</td>
<td class="et2" style="text-align: center;" rowspan="2">Csomagoljuk be a paprikaport, a chiliport, a csirkehúslevest, a sót stb.</td>
</tr>
<tr style="height: 13.50pt;">
<td style="height: 13.5pt; text-align: center;" height="18">15 ml</td>
<td style="text-align: center;">3,1 x 4,6</td>
</tr>
</tbody>
</table>
<h2>Sikertörténet: Egy japán kiskereskedő bestseller terméke</h2>
<p>Az egyik japán kiskereskedő a két formájú mini fűszertartó készletünket választotta, és világos matt felülettel látta el. A készlet gyönyörű megjelenése a piacra lépés első hónapjában 60 százalékos eladási arányt eredményezett, és az eltömődött fedelekkel kapcsolatos vásárlói panaszok 55 százalékkal csökkentek. A kiskereskedő annyira elégedett volt a termékkel, hogy további 300 000 készletet rendelt országszerte üzleteiben és új e-kereskedelmi lakberendezési üzletágában.</p>
<h2>Testreszabási kézikönyved</h2>
<ol>
<li><strong>Egyedi Gravírozás és logó:</strong> A márkalogók vagy fűszernevek lézergravírozása rozsdamentes acél kupakokra minden palacknak ​​egyedi megjelenést kölcsönöz, amely segít a márkafelismerésben és a márkaidentitás kitűnésében.</li>
<li><strong>Különböző adagolási lyukak:</strong> A különböző fűszerek (por, granulátum, fűszernövények) adagolónyílásainak méretének és számának változtatásával biztosítható, hogy az adagolás sima és dugulásmentes legyen.</li>
<li><strong>Konténer díszítés:</strong> A márkajelzések, a fűszercímkék szitanyomással vagy melegnyomással történő nyomtatása mellett az üvegdarabok vonzóbbak a kiskereskedelmi vásárlók számára.</li>
</ol>

<p>Sokoldalú mini fűszertartók kompakt mérettel és rázófedéllel. Praktikus fűszertároló készlet sóhoz, borshoz és fűszernövényekhez. Nagykereskedelmi kedvezmények elérhetők.</p>
