{"id":23351,"date":"2025-11-07T11:52:40","date_gmt":"2025-11-07T03:52:40","guid":{"rendered":"https:\/\/yebodaglass.com\/?post_type=product&#038;p=23351"},"modified":"2026-04-09T15:28:15","modified_gmt":"2026-04-09T07:28:15","slug":"square-glass-herb-jars-with-bamboo-lids-wholesale","status":"publish","type":"product","link":"https:\/\/yebodaglass.com\/hu\/termek\/square-glass-herb-jars-with-bamboo-lids-wholesale\/","title":{"rendered":"4oz sz\u00ednes n\u00e9gyzet alak\u00fa \u00fcveg gy\u00f3gyn\u00f6v\u00e9nyes \u00fcvegek bambusz fed\u00e9llel nagykereskedelemben"},"content":{"rendered":"<p>Ezek az \u00fcveg f\u0171szern\u00f6v\u00e9nyes bef\u0151ttes\u00fcvegek magasak, sz\u00f6gletesek, lekerek\u00edtett sarkokkal \u00e9s egyenes sz\u00e9lekkel. Az \u00fcvegek vastag, \u00e1tl\u00e1tsz\u00f3 \u00fcvegb\u0151l k\u00e9sz\u00fcltek, \u00e9s term\u00e9szetes bambusz csavaros kupakkal rendelkeznek. K\u00fcl\u00f6nb\u00f6z\u0151 sz\u00ednekben kaphat\u00f3k.<\/p>\n<h2>Term\u00e9kjellemz\u0151k<\/h2>\n<ul>\n<li><strong>T\u00e9glalap alak\u00fa kialak\u00edt\u00e1s:<\/strong> A t\u00e9glalap alak\u00fa kialak\u00edt\u00e1s letisztult, kevesebb helyet foglal a t\u00e1rol\u00e1s sor\u00e1n, egym\u00e1sra rakhat\u00f3, \u00edgy sz\u00e9pen elhelyezhet\u0151 szekr\u00e9nyek vagy polcok seg\u00edts\u00e9g\u00e9vel.<\/li>\n<li><strong>T\u00f6bbsz\u00edn\u0171 f\u00e9nyv\u00e9d\u0151 \u00fcveg:<\/strong> A poharak n\u00e9gy effekt\u00edv sz\u00ednben kaphat\u00f3k: bord\u00f3, s\u00f6t\u00e9tz\u00f6ld, borosty\u00e1n \u00e9s kir\u00e1lyk\u00e9k, amelyek k\u00e9pesek blokkolni a f\u00e9nyt, amely t\u00f6bbek k\u00f6z\u00f6tt a f\u0171szereket \u00e9s a sz\u00e1r\u00edtott \u00e1rukat rontja \u00e9s oxid\u00e1lja.<\/li>\n<li><strong>Term\u00e9szetes fa fed\u0151k:<\/strong> A nat\u00far fa csavaros kupakkal kombin\u00e1lva a term\u00e9szetes \u00e9rzet \u00e9s a kiv\u00e1l\u00f3 t\u00f6m\u00edt\u0151k\u00e9pess\u00e9g z\u00f6ld \u00e9rzetet k\u00f6lcs\u00f6n\u00f6z a term\u00e9knek, \u00e9s pr\u00e9mium jelleget k\u00f6lcs\u00f6n\u00f6z neki.<\/li>\n<\/ul>\n<h2>F\u0151bb specifik\u00e1ci\u00f3k<\/h2>\n<table style=\"border-collapse: collapse; width: 80%; margin-left: auto; margin-right: auto;\" border=\"0\" width=\"144\" cellspacing=\"0\" cellpadding=\"0\">\n<tbody>\n<tr style=\"height: 13.50pt;\">\n<td style=\"height: 13.5pt; width: 54pt; text-align: center;\" width=\"72\" height=\"18\">Jellemz\u0151<\/td>\n<td style=\"width: 54pt; text-align: center;\" width=\"72\">Specifik\u00e1ci\u00f3<\/td>\n<\/tr>\n<tr style=\"height: 13.50pt;\">\n<td style=\"height: 13.5pt; text-align: center;\" height=\"18\">Kapacit\u00e1s<\/td>\n<td style=\"text-align: center;\">120 ml (4 uncia)<\/td>\n<\/tr>\n<tr style=\"height: 13.50pt;\">\n<td style=\"height: 13.5pt; text-align: center;\" height=\"18\">Anyag<\/td>\n<td style=\"text-align: center;\">Tart\u00f3s \u00fcveg \u2022 N\u00e9gyzet alak\u00fa<\/td>\n<\/tr>\n<tr style=\"height: 13.50pt;\">\n<td style=\"height: 13.5pt; text-align: center;\" height=\"18\">Sz\u00edn<\/td>\n<td style=\"text-align: center;\">Borosty\u00e1n, piros, k\u00e9k, z\u00f6ld, egyedi<\/td>\n<\/tr>\n<tr style=\"height: 13.50pt;\">\n<td style=\"height: 13.5pt; text-align: center;\" height=\"18\">Fed\u0151k<\/td>\n<td style=\"text-align: center;\">Bambusz, f\u00e9m, m\u0171anyag \u2022 Shaker fed\u00e9l kaphat\u00f3<\/td>\n<\/tr>\n<tr style=\"height: 13.50pt;\">\n<td style=\"height: 13.5pt; text-align: center;\" height=\"18\">Testreszab\u00e1s<\/td>\n<td style=\"text-align: center;\">Log\u00f3grav\u00edroz\u00e1s, szitanyom\u00e1s, egyedi c\u00edmk\u00e9k\/csomagol\u00e1s<\/td>\n<\/tr>\n<\/tbody>\n<\/table>\n<h2>Sikert\u00f6rt\u00e9net: Egyedi megrendel\u00e9s egy luxus eur\u00f3pai \u00ednyencm\u00e1rk\u00e1t\u00f3l<\/h2>\n<p>Az olasz luxusm\u00e1rka a mi 250 ml-es borosty\u00e1nsz\u00edn\u0171, n\u00e9gyzet alak\u00fa \u00fcveg f\u0171szertart\u00f3inkat v\u00e1lasztotta, \u00e9s hivatalos megrendel\u00e9s\u00fck\u00f6n kereszt\u00fcl egyedi di\u00f3fa fedeleket k\u00e9rtek. Az egyedi bef\u0151ttes\u00fcvegek leny\u0171g\u00f6z\u0151 eredm\u00e9nyeket \u00e9rtek el, mivel kiv\u00e1l\u00f3 z\u00e1r\u00f3rendszer\u00fck 40 sz\u00e1zal\u00e9kkal n\u00f6velte a pr\u00e9mium f\u0171szerek eltarthat\u00f3s\u00e1g\u00e1t, m\u00edg az \u00f3lom\u00fcveg anyag blokkolta a f\u00e9nyt, \u00edgy a f\u0171szerek eredeti er\u0151ss\u00e9g\u00e9nek 25 sz\u00e1zal\u00e9k\u00e1t meg\u0151rizte. A v\u00e1llalkoz\u00e1s tov\u00e1bbi 280 000 bef\u0151ttes\u00fcveget v\u00e1s\u00e1rolt, miut\u00e1n sikereket \u00e9rt el megl\u00e9v\u0151 term\u00e9keivel, hogy t\u00e1mogassa \u00faj \u00edzes\u00edtett tengeri s\u00f3 term\u00e9kcsal\u00e1dj\u00e1t.<\/p>\n<h2>N\u00e9gyzet alak\u00fa \u00fcveg f\u0171szertart\u00f3 testreszab\u00e1sa<\/h2>\n<ol>\n<li><strong>Fed\u00e9l\u200b\u200d\u200b\u200c\u200d\u200b\u200d\u200c\u200b\u200d\u200b\u200d\u200b\u200c\u200d\u200b\u200d\u200c\u200b\u200d\u200d\u200b\u200d\u200c\u200b\u200d\u200b\u200d\u200c\u200b\u200d\u200d\u200b\u200d\u200c\u200d\u200b\u200d\u200c Opci\u00f3k:<\/strong>A k\u00fcl\u00f6nb\u00f6z\u0151 m\u00e1rk\u00e1k bambusz, rozsdamentes ac\u00e9l vagy alum\u00ednium fedelekkel rendelkezhetnek szilikon t\u00f6m\u00edt\u00e9ssel, hogy illeszkedjenek az eszt\u00e9tik\u00e1jukhoz \u00e9s l\u00e9gmentesen tarts\u00e1k a frissess\u00e9get.<\/li>\n<li><strong>\u00dcvegsz\u00ednek:<\/strong>K\u00fcl\u00f6nb\u00f6z\u0151 sz\u00edn\u0171, p\u00e9ld\u00e1ul borosty\u00e1nsz\u00edn\u0171, kobaltk\u00e9k, z\u00f6ld vagy \u00e1tl\u00e1tsz\u00f3 \u00fcvegb\u0151l k\u00e9sz\u00fclt, k\u00fcl\u00f6nf\u00e9le f\u0171szern\u00f6v\u00e9nyek vagy f\u0171szerek t\u00e1rol\u00e1s\u00e1ra.<\/li>\n<li><strong>C\u00edmke testreszab\u00e1sa:<\/strong>Egy k\u00f6rnyezetbar\u00e1t, m\u00e9gis luxus m\u00e1rkaazonos\u00edt\u00e1st a l\u00e9zergrav\u00edrozott vagy nyomtatott c\u00edmk\u00e9k \u00e9s a fed\u00e9l vagy a palack test\u00e9nek kombin\u00e1ci\u00f3j\u00e1val lehet el\u00e9rni.<\/li>\n<\/ol>","protected":false},"excerpt":{"rendered":"<p>St\u00edlusos, sz\u00f6gletes \u00fcveg f\u0171szertart\u00f3k bambusztet\u0151vel, t\u00f6k\u00e9letes \u00fcveg f\u0171szern\u00f6v\u00e9nyes bef\u0151ttes\u00fcvegek a f\u0171szerek frissen tart\u00e1s\u00e1hoz \u00e9s a konyha gy\u00f6ny\u00f6r\u0171 rendszerez\u00e9s\u00e9hez. Ingyenes mint\u00e1k.<\/p>","protected":false},"featured_media":23355,"template":"","meta":[],"product_brand":[],"product_cat":[128,124,122],"product_tag":[],"class_list":{"0":"post-23351","1":"product","2":"type-product","3":"status-publish","4":"has-post-thumbnail","6":"product_cat-spice-jars","7":"product_cat-custom-glass-jars","8":"product_cat-custom-glass-packaging","10":"first","11":"instock","12":"shipping-taxable","13":"product-type-simple"},"jetpack_sharing_enabled":true,"_links":{"self":[{"href":"https:\/\/yebodaglass.com\/hu\/wp-json\/wp\/v2\/product\/23351","targetHints":{"allow":["GET"]}}],"collection":[{"href":"https:\/\/yebodaglass.com\/hu\/wp-json\/wp\/v2\/product"}],"about":[{"href":"https:\/\/yebodaglass.com\/hu\/wp-json\/wp\/v2\/types\/product"}],"version-history":[{"count":5,"href":"https:\/\/yebodaglass.com\/hu\/wp-json\/wp\/v2\/product\/23351\/revisions"}],"predecessor-version":[{"id":25696,"href":"https:\/\/yebodaglass.com\/hu\/wp-json\/wp\/v2\/product\/23351\/revisions\/25696"}],"wp:featuredmedia":[{"embeddable":true,"href":"https:\/\/yebodaglass.com\/hu\/wp-json\/wp\/v2\/media\/23355"}],"wp:attachment":[{"href":"https:\/\/yebodaglass.com\/hu\/wp-json\/wp\/v2\/media?parent=23351"}],"wp:term":[{"taxonomy":"product_brand","embeddable":true,"href":"https:\/\/yebodaglass.com\/hu\/wp-json\/wp\/v2\/product_brand?post=23351"},{"taxonomy":"product_cat","embeddable":true,"href":"https:\/\/yebodaglass.com\/hu\/wp-json\/wp\/v2\/product_cat?post=23351"},{"taxonomy":"product_tag","embeddable":true,"href":"https:\/\/yebodaglass.com\/hu\/wp-json\/wp\/v2\/product_tag?post=23351"}],"curies":[{"name":"wp","href":"https:\/\/api.w.org\/{rel}","templated":true}]}}

4oz színes négyzet alakú üveg gyógynövényes üvegek bambusz fedéllel nagykereskedelemben

<p>Ezek az üveg fűszernövényes befőttesüvegek magasak, szögletesek, lekerekített sarkokkal és egyenes szélekkel. Az üvegek vastag, átlátszó üvegből készültek, és természetes bambusz csavaros kupakkal rendelkeznek. Különböző színekben kaphatók.</p>
<h2>Termékjellemzők</h2>
<ul>
<li><strong>Téglalap alakú kialakítás:</strong> A téglalap alakú kialakítás letisztult, kevesebb helyet foglal a tárolás során, egymásra rakható, így szépen elhelyezhető szekrények vagy polcok segítségével.</li>
<li><strong>Többszínű fényvédő üveg:</strong> A poharak négy effektív színben kaphatók: bordó, sötétzöld, borostyán és királykék, amelyek képesek blokkolni a fényt, amely többek között a fűszereket és a szárított árukat rontja és oxidálja.</li>
<li><strong>Természetes fa fedők:</strong> A natúr fa csavaros kupakkal kombinálva a természetes érzet és a kiváló tömítőképesség zöld érzetet kölcsönöz a terméknek, és prémium jelleget kölcsönöz neki.</li>
</ul>
<h2>Főbb specifikációk</h2>
<table style="border-collapse: collapse; width: 80%; margin-left: auto; margin-right: auto;" border="0" width="144" cellspacing="0" cellpadding="0">
<tbody>
<tr style="height: 13.50pt;">
<td style="height: 13.5pt; width: 54pt; text-align: center;" width="72" height="18">Jellemző</td>
<td style="width: 54pt; text-align: center;" width="72">Specifikáció</td>
</tr>
<tr style="height: 13.50pt;">
<td style="height: 13.5pt; text-align: center;" height="18">Kapacitás</td>
<td style="text-align: center;">120 ml (4 uncia)</td>
</tr>
<tr style="height: 13.50pt;">
<td style="height: 13.5pt; text-align: center;" height="18">Anyag</td>
<td style="text-align: center;">Tartós üveg • Négyzet alakú</td>
</tr>
<tr style="height: 13.50pt;">
<td style="height: 13.5pt; text-align: center;" height="18">Szín</td>
<td style="text-align: center;">Borostyán, piros, kék, zöld, egyedi</td>
</tr>
<tr style="height: 13.50pt;">
<td style="height: 13.5pt; text-align: center;" height="18">Fedők</td>
<td style="text-align: center;">Bambusz, fém, műanyag • Shaker fedél kapható</td>
</tr>
<tr style="height: 13.50pt;">
<td style="height: 13.5pt; text-align: center;" height="18">Testreszabás</td>
<td style="text-align: center;">Logógravírozás, szitanyomás, egyedi címkék/csomagolás</td>
</tr>
</tbody>
</table>
<h2>Sikertörténet: Egyedi megrendelés egy luxus európai ínyencmárkától</h2>
<p>Az olasz luxusmárka a mi 250 ml-es borostyánszínű, négyzet alakú üveg fűszertartóinkat választotta, és hivatalos megrendelésükön keresztül egyedi diófa fedeleket kértek. Az egyedi befőttesüvegek lenyűgöző eredményeket értek el, mivel kiváló zárórendszerük 40 százalékkal növelte a prémium fűszerek eltarthatóságát, míg az ólomüveg anyag blokkolta a fényt, így a fűszerek eredeti erősségének 25 százalékát megőrizte. A vállalkozás további 280 000 befőttesüveget vásárolt, miután sikereket ért el meglévő termékeivel, hogy támogassa új ízesített tengeri só termékcsaládját.</p>
<h2>Négyzet alakú üveg fűszertartó testreszabása</h2>
<ol>
<li><strong>Fedél​‍​‌‍​‍‌​‍​‍​‌‍​‍‌​‍‍​‍‌​‍​‍‌​‍‍​‍‌‍​‍‌ Opciók:</strong>A különböző márkák bambusz, rozsdamentes acél vagy alumínium fedelekkel rendelkezhetnek szilikon tömítéssel, hogy illeszkedjenek az esztétikájukhoz és légmentesen tartsák a frissességet.</li>
<li><strong>Üvegszínek:</strong>Különböző színű, például borostyánszínű, kobaltkék, zöld vagy átlátszó üvegből készült, különféle fűszernövények vagy fűszerek tárolására.</li>
<li><strong>Címke testreszabása:</strong>Egy környezetbarát, mégis luxus márkaazonosítást a lézergravírozott vagy nyomtatott címkék és a fedél vagy a palack testének kombinációjával lehet elérni.</li>
</ol>

<p>Stílusos, szögletes üveg fűszertartók bambusztetővel, tökéletes üveg fűszernövényes befőttesüvegek a fűszerek frissen tartásához és a konyha gyönyörű rendszerezéséhez. Ingyenes minták.</p>
