{"id":23100,"date":"2025-11-03T16:08:07","date_gmt":"2025-11-03T08:08:07","guid":{"rendered":"https:\/\/yebodaglass.com\/?post_type=product&#038;p=23100"},"modified":"2025-11-03T16:08:09","modified_gmt":"2025-11-03T08:08:09","slug":"glass-spice-jar-with-shaker-lid-bulk-for-kitchen","status":"publish","type":"product","link":"https:\/\/yebodaglass.com\/hu\/termek\/glass-spice-jar-with-shaker-lid-bulk-for-kitchen\/","title":{"rendered":"10oz-os \u00fcveg f\u0171szeres \u00fcveg shaker fed\u00e9llel, \u00f6mlesztett konyhai haszn\u00e1latra\u00a0"},"content":{"rendered":"<p>\u00c1tl\u00e1tsz\u00f3 f\u0171szertart\u00f3kat k\u00e9sz\u00edt\u00fcnk f\u00fcgg\u0151leges cs\u00edkkal, amelyeket k\u00f6nny\u0171 megfogni \u2013 nincs t\u00f6bb\u00e9 rendetlen konyhai k\u00e1osz. Ezek a f\u0171szert\u00e1rol\u00f3 dobozok teszik divatos helly\u00e9 a kamr\u00e1dat. Ha nagy t\u00e9telben rendelsz, egyedi opci\u00f3k is el\u00e9rhet\u0151k, amelyek illeszkednek a m\u00e1rk\u00e1dhoz.<\/p>\n<h2>Term\u00e9kjellemz\u0151k<\/h2>\n<p><strong>F\u00fcgg\u0151leges cs\u00edkos fog\u00e1s<\/strong><\/p>\n<p>A bord\u00e1k nemcsak k\u00e9nyelmess\u00e9, de st\u00edlusoss\u00e1 is teszik az \u00fcveg f\u0171szertart\u00f3kat \u2013 az \u00fcveg bef\u0151ttes\u00fcvegek \u00fagy fognak hatni a kezedben, mint egy luxusterm\u00e9k.<\/p>\n<p><strong>Rozsdamentes shaker fed\u00e9l<\/strong><\/p>\n<p>A prec\u00edzen elk\u00e9sz\u00edtett apr\u00f3 lyukak szab\u00e1lyozz\u00e1k az \u00f6nt\u00e9st \u2013 nincs t\u00f6bb\u00e9 t\u00fals\u00f3z\u00e1s vagy a f\u0171szerpazarl\u00e1s.<\/p>\n<p><strong>Krist\u00e1lytisztas\u00e1g<\/strong><\/p>\n<p>Az \u00e1tl\u00e1tsz\u00f3 \u00fcveg az, aminek k\u00f6sz\u00f6nhet\u0151en a v\u00e1s\u00e1rl\u00f3 minden egyes szemcsem\u00e9retet l\u00e1t \u2013 ez\u00e9rt b\u00edzik meg azonnal a f\u0171szert\u00e1rol\u00f3 ed\u00e9nyeidben.<\/p>\n<h2>F\u0151bb specifik\u00e1ci\u00f3k<\/h2>\n<table style=\"border-collapse: collapse; width: 80%; margin-left: auto; margin-right: auto;\" border=\"0\" width=\"144\" cellspacing=\"0\" cellpadding=\"0\">\n<tbody>\n<tr style=\"height: 13.50pt;\">\n<td style=\"height: 13.5pt; width: 54pt; text-align: center;\" width=\"72\" height=\"18\">Kapacit\u00e1s<\/td>\n<td style=\"width: 54pt; text-align: center;\" width=\"72\">330 ml\/10 uncia<\/td>\n<\/tr>\n<tr style=\"height: 13.50pt;\">\n<td style=\"height: 13.5pt; text-align: center;\" height=\"18\">M\u00e9ret (cm)<\/td>\n<td style=\"text-align: center;\">7.5&#215;13.5<\/td>\n<\/tr>\n<tr style=\"height: 13.50pt;\">\n<td style=\"height: 13.5pt; text-align: center;\" height=\"18\">Anyag<\/td>\n<td style=\"text-align: center;\">\u00dcveg + f\u00e9m (fed\u00e9l)<\/td>\n<\/tr>\n<tr style=\"height: 13.50pt;\">\n<td style=\"height: 13.5pt; text-align: center;\" height=\"18\">Sz\u00ednbe\u00e1ll\u00edt\u00e1sok<\/td>\n<td style=\"text-align: center;\">\u00c1tl\u00e1tsz\u00f3 (testreszabhat\u00f3)<\/td>\n<\/tr>\n<tr style=\"height: 13.50pt;\">\n<td style=\"height: 13.5pt; text-align: center;\" height=\"18\">Haszn\u00e1lat<\/td>\n<td style=\"text-align: center;\">Cukor, s\u00f3, f\u0171szerez\u00e9s<\/td>\n<\/tr>\n<tr style=\"height: 13.50pt;\">\n<td style=\"height: 13.5pt; text-align: center;\" height=\"18\">Testreszab\u00e1s<\/td>\n<td style=\"text-align: center;\">Fed\u00e9l kialak\u00edt\u00e1sa, sz\u00edne, log\u00f3ja (dombornyomott, matric\u00e1s stb.)<\/td>\n<\/tr>\n<\/tbody>\n<\/table>\n<h2>Sikeres eset<\/h2>\n<p>R\u00e9szt vett\u00fcnk egy kanadai \u00e9lelmiszeripari v\u00e1llalat kezdem\u00e9nyez\u00e9s\u00e9ben, amely a f\u0171szert\u00e1rol\u00f3 term\u00e9kcsal\u00e1djukat korszer\u0171s\u00edtette \u00fcveg f\u0171szertart\u00f3ink sorozat\u00e1nak be\u00e9p\u00edt\u00e9s\u00e9vel. A sz\u00e1lcsiszolt f\u00e9m zsan\u00e9rokkal \u00e9s l\u00e9zergrav\u00edrozott m\u00e1rkalog\u00f3kkal ell\u00e1tott, egyedi gy\u00e1rt\u00e1s\u00fa \u00fcvegek divatosabb\u00e1 \u00e9s professzion\u00e1lisabb\u00e1 teszik konyhai eszk\u00f6zeik megjelen\u00e9s\u00e9t. Az \u00e1tl\u00e1tsz\u00f3 \u00fcveg f\u0171szert\u00e1rol\u00f3 ed\u00e9nyek megk\u00f6nny\u00edtik a szak\u00e1csok sz\u00e1m\u00e1ra a benn\u00fck l\u00e9v\u0151 f\u0171szerek megtal\u00e1l\u00e1s\u00e1t, az er\u0151s \u00e9s massz\u00edv konstrukci\u00f3 pedig hossz\u00fa ideig kiv\u00e1l\u00f3an alkalmas a kereskedelmi konyh\u00e1k nagy forgalm\u00fa ter\u00fcletein val\u00f3 haszn\u00e1latra.<\/p>\n<p>Az \u00faj \u00fcveg f\u0171szertart\u00f3 bevezet\u00e9se \u00f3ta a v\u00e1llalat 26%-os megrendel\u00e9sn\u00f6veked\u00e9st k\u00f6nyvelhetett el a sima \u00e9rzetnek k\u00f6sz\u00f6nhet\u0151en.<\/p>\n<h2>Testreszab\u00e1si k\u00e9zik\u00f6nyved<\/h2>\n<ol>\n<li><strong>\u00c1ll\u00edthat\u00f3 fedelek:<\/strong> V\u00e1laszthat rozsdamentes ac\u00e9l, alum\u00ednium\u00f6tv\u00f6zet vagy m\u0171anyag k\u00f6z\u00fcl, t\u00f6bblyuk\u00fa, egylyuk\u00fa vagy csavaros kupakos kialak\u00edt\u00e1shoz, hogy megfeleljen a k\u00fcl\u00f6nb\u00f6z\u0151 f\u0171szer\u00e1raml\u00e1si sebess\u00e9geknek.<\/li>\n<li><strong>Jelz\u00e9sek \u00e9s lenyomatok:<\/strong> M\u00e1rkalog\u00f3k, f\u0171szernevek vagy v\u00edz\u00e1ll\u00f3 c\u00edmk\u00e9k szitanyom\u00e1ssal r\u00e1vihet\u0151k az \u00fcveg f\u0171szeres\u00fcvegre, hogy megk\u00f6nny\u00edts\u00e9k a term\u00e9kfelismer\u00e9st \u00e9s er\u0151s\u00edts\u00e9k a m\u00e1rkaim\u00e1zst.<\/li>\n<li><strong>\uc18c\ud615 \uc7bc\ubcd1 \ub3c4\ub9e4: \ud3ec\uc7a5 \ube44\uc6a9 \uc808\uac10 \ubc29\ubc95 - \uc608\ubcf4\ub2e4 \uae00\ub798\uc2a4<\/strong> L\u00e9teznek egyedi gy\u00e1rt\u00e1s\u00fa, t\u00f6bb palackot tartalmaz\u00f3 aj\u00e1nd\u00e9kdobozok, amelyek t\u00f6k\u00e9letesek luxus konyhai eszk\u00f6z\u00f6kh\u00f6z vagy \u00fcnnepi aj\u00e1nd\u00e9kkamp\u00e1nyokhoz.<\/li>\n<\/ol>","protected":false},"excerpt":{"rendered":"<p>Fedezze fel \u00fcveg f\u0171szertart\u00f3nkat \u2014 t\u00f6k\u00e9letes f\u0171szert\u00e1rol\u00f3 s\u00f3, bors vagy f\u0171szern\u00f6v\u00e9nyek sz\u00e1m\u00e1ra. Tart\u00f3s \u00fcveg r\u00e1z\u00f3fed\u00e9llel az egyszer\u0171 \u00e9s tiszta \u00edzes\u00edt\u00e9s \u00e9rdek\u00e9ben.<\/p>","protected":false},"featured_media":23101,"template":"","meta":[],"product_brand":[],"product_cat":[83,20,128],"product_tag":[],"class_list":{"0":"post-23100","1":"product","2":"type-product","3":"status-publish","4":"has-post-thumbnail","6":"product_cat-glass-jars","7":"product_cat-glass-containers","8":"product_cat-spice-jars","10":"first","11":"instock","12":"shipping-taxable","13":"product-type-simple"},"jetpack_sharing_enabled":true,"_links":{"self":[{"href":"https:\/\/yebodaglass.com\/hu\/wp-json\/wp\/v2\/product\/23100","targetHints":{"allow":["GET"]}}],"collection":[{"href":"https:\/\/yebodaglass.com\/hu\/wp-json\/wp\/v2\/product"}],"about":[{"href":"https:\/\/yebodaglass.com\/hu\/wp-json\/wp\/v2\/types\/product"}],"version-history":[{"count":3,"href":"https:\/\/yebodaglass.com\/hu\/wp-json\/wp\/v2\/product\/23100\/revisions"}],"predecessor-version":[{"id":23113,"href":"https:\/\/yebodaglass.com\/hu\/wp-json\/wp\/v2\/product\/23100\/revisions\/23113"}],"wp:featuredmedia":[{"embeddable":true,"href":"https:\/\/yebodaglass.com\/hu\/wp-json\/wp\/v2\/media\/23101"}],"wp:attachment":[{"href":"https:\/\/yebodaglass.com\/hu\/wp-json\/wp\/v2\/media?parent=23100"}],"wp:term":[{"taxonomy":"product_brand","embeddable":true,"href":"https:\/\/yebodaglass.com\/hu\/wp-json\/wp\/v2\/product_brand?post=23100"},{"taxonomy":"product_cat","embeddable":true,"href":"https:\/\/yebodaglass.com\/hu\/wp-json\/wp\/v2\/product_cat?post=23100"},{"taxonomy":"product_tag","embeddable":true,"href":"https:\/\/yebodaglass.com\/hu\/wp-json\/wp\/v2\/product_tag?post=23100"}],"curies":[{"name":"wp","href":"https:\/\/api.w.org\/{rel}","templated":true}]}}

10oz-os üveg fűszeres üveg shaker fedéllel, ömlesztett konyhai használatra

<p>Átlátszó fűszertartókat készítünk függőleges csíkkal, amelyeket könnyű megfogni – nincs többé rendetlen konyhai káosz. Ezek a fűszertároló dobozok teszik divatos hellyé a kamrádat. Ha nagy tételben rendelsz, egyedi opciók is elérhetők, amelyek illeszkednek a márkádhoz.</p>
<h2>Termékjellemzők</h2>
<p><strong>Függőleges csíkos fogás</strong></p>
<p>A bordák nemcsak kényelmessé, de stílusossá is teszik az üveg fűszertartókat – az üveg befőttesüvegek úgy fognak hatni a kezedben, mint egy luxustermék.</p>
<p><strong>Rozsdamentes shaker fedél</strong></p>
<p>A precízen elkészített apró lyukak szabályozzák az öntést – nincs többé túlsózás vagy a fűszerpazarlás.</p>
<p><strong>Kristálytisztaság</strong></p>
<p>Az átlátszó üveg az, aminek köszönhetően a vásárló minden egyes szemcseméretet lát – ezért bízik meg azonnal a fűszertároló edényeidben.</p>
<h2>Főbb specifikációk</h2>
<table style="border-collapse: collapse; width: 80%; margin-left: auto; margin-right: auto;" border="0" width="144" cellspacing="0" cellpadding="0">
<tbody>
<tr style="height: 13.50pt;">
<td style="height: 13.5pt; width: 54pt; text-align: center;" width="72" height="18">Kapacitás</td>
<td style="width: 54pt; text-align: center;" width="72">330 ml/10 uncia</td>
</tr>
<tr style="height: 13.50pt;">
<td style="height: 13.5pt; text-align: center;" height="18">Méret (cm)</td>
<td style="text-align: center;">7.5&#215;13.5</td>
</tr>
<tr style="height: 13.50pt;">
<td style="height: 13.5pt; text-align: center;" height="18">Anyag</td>
<td style="text-align: center;">Üveg + fém (fedél)</td>
</tr>
<tr style="height: 13.50pt;">
<td style="height: 13.5pt; text-align: center;" height="18">Színbeállítások</td>
<td style="text-align: center;">Átlátszó (testreszabható)</td>
</tr>
<tr style="height: 13.50pt;">
<td style="height: 13.5pt; text-align: center;" height="18">Használat</td>
<td style="text-align: center;">Cukor, só, fűszerezés</td>
</tr>
<tr style="height: 13.50pt;">
<td style="height: 13.5pt; text-align: center;" height="18">Testreszabás</td>
<td style="text-align: center;">Fedél kialakítása, színe, logója (dombornyomott, matricás stb.)</td>
</tr>
</tbody>
</table>
<h2>Sikeres eset</h2>
<p>Részt vettünk egy kanadai élelmiszeripari vállalat kezdeményezésében, amely a fűszertároló termékcsaládjukat korszerűsítette üveg fűszertartóink sorozatának beépítésével. A szálcsiszolt fém zsanérokkal és lézergravírozott márkalogókkal ellátott, egyedi gyártású üvegek divatosabbá és professzionálisabbá teszik konyhai eszközeik megjelenését. Az átlátszó üveg fűszertároló edények megkönnyítik a szakácsok számára a bennük lévő fűszerek megtalálását, az erős és masszív konstrukció pedig hosszú ideig kiválóan alkalmas a kereskedelmi konyhák nagy forgalmú területein való használatra.</p>
<p>Az új üveg fűszertartó bevezetése óta a vállalat 26%-os megrendelésnövekedést könyvelhetett el a sima érzetnek köszönhetően.</p>
<h2>Testreszabási kézikönyved</h2>
<ol>
<li><strong>Állítható fedelek:</strong> Választhat rozsdamentes acél, alumíniumötvözet vagy műanyag közül, többlyukú, egylyukú vagy csavaros kupakos kialakításhoz, hogy megfeleljen a különböző fűszeráramlási sebességeknek.</li>
<li><strong>Jelzések és lenyomatok:</strong> Márkalogók, fűszernevek vagy vízálló címkék szitanyomással rávihetők az üveg fűszeresüvegre, hogy megkönnyítsék a termékfelismerést és erősítsék a márkaimázst.</li>
<li><strong>소형 잼병 도매: 포장 비용 절감 방법 - 예보다 글래스</strong> Léteznek egyedi gyártású, több palackot tartalmazó ajándékdobozok, amelyek tökéletesek luxus konyhai eszközökhöz vagy ünnepi ajándékkampányokhoz.</li>
</ol>

<p>Fedezze fel üveg fűszertartónkat — tökéletes fűszertároló só, bors vagy fűszernövények számára. Tartós üveg rázófedéllel az egyszerű és tiszta ízesítés érdekében.</p>
