{"id":16452,"date":"2025-07-09T13:18:01","date_gmt":"2025-07-09T05:18:01","guid":{"rendered":"https:\/\/yebodaglass.com\/?post_type=product&#038;p=16452"},"modified":"2026-03-10T17:54:06","modified_gmt":"2026-03-10T09:54:06","slug":"custom-glass-jar-with-wooden-lid-and-spoon-for-spice-storage","status":"publish","type":"product","link":"https:\/\/yebodaglass.com\/cs\/produkt\/custom-glass-jar-with-wooden-lid-and-spoon-for-spice-storage\/","title":{"rendered":"Sklen\u011bn\u00e1 d\u00f3za na zak\u00e1zku s d\u0159ev\u011bn\u00fdm v\u00edkem a l\u017ei\u010dkou na uchov\u00e1v\u00e1n\u00ed ko\u0159en\u00ed 250ml"},"content":{"rendered":"<p>Tato kulat\u00e1 sklen\u011bn\u00e1 d\u00f3za s d\u0159ev\u011bn\u00fdm v\u00edkem je vyrobena z \u010dir\u00e9ho, bezolovnat\u00e9ho, sodn\u00e9ho a v\u00e1penat\u00e9ho skla, kter\u00e9 krom\u011b toho, \u017ee n\u00e1dob\u011b dod\u00e1v\u00e1 atraktivn\u00ed vzhled na polic\u00edch nebo pracovn\u00edch desk\u00e1ch, tak\u00e9 umo\u017e\u0148uje vid\u011bt obsah po napln\u011bn\u00ed, nap\u0159. cukr, pep\u0159, sm\u011bsi ko\u0159en\u00ed nebo ko\u0159en\u00ed na b\u00e1zi oleje atd. Ka\u017ed\u00e1 sklenice ze skla je dod\u00e1v\u00e1na s tlust\u00fdm v\u00edkem z p\u0159\u00edrodn\u00edho korku, malou d\u0159ev\u011bnou l\u017ei\u010dkou a mal\u00fd dr\u017e\u00e1k na l\u017ei\u010dku je chyt\u0159e p\u0159ipevn\u011bn k boku d\u00f3zy.<\/p>\n<p>D\u00edky t\u00e9to promy\u0161len\u00e9 konstrukci jsou tyto n\u00e1doby na ko\u0159en\u00ed praktick\u00e9 pro ka\u017edodenn\u00ed pou\u017eit\u00ed p\u0159i va\u0159en\u00ed, pe\u010den\u00ed a dochucov\u00e1n\u00ed. Lze je tak\u00e9 pou\u017e\u00edt jako d\u00e1rkovou sadu, kolekci ko\u0159en\u00ed nebo jako jedno z dekorativn\u00edch sklen\u011bn\u00fdch obalov\u00fdch \u0159e\u0161en\u00ed pro pr\u00e9miov\u00e9 zna\u010dky potravin.<\/p>\n<h2>Kl\u00ed\u010dov\u00e9 specifikace<\/h2>\n<table style=\"border-collapse: collapse; width: 80%; margin-left: auto; margin-right: auto;\" border=\"0\" width=\"80%\" cellspacing=\"0\" cellpadding=\"0\">\n<tbody>\n<tr style=\"height: 13.50pt;\">\n<td style=\"height: 13.50pt; width: 110.25pt;\" width=\"147\" height=\"18\">Typ produktu<\/td>\n<td style=\"width: 455.25pt;\" width=\"607\">Sklen\u011bn\u00e1 n\u00e1doba s d\u0159ev\u011bn\u00fdm v\u00edkem a l\u017ei\u010dkou<\/td>\n<\/tr>\n<tr style=\"height: 13.50pt;\">\n<td style=\"height: 13.50pt;\" height=\"18\">Materi\u00e1l<\/td>\n<td>Bezolovnat\u00e9 sodnov\u00e1penat\u00e9 sklo + p\u0159\u00edrodn\u00ed d\u0159ev\u011bn\u00e1 l\u017e\u00edce + siln\u00fd korkov\u00fd uz\u00e1v\u011br<\/td>\n<\/tr>\n<tr style=\"height: 13.50pt;\">\n<td style=\"height: 13.50pt;\" height=\"18\">Kapacita<\/td>\n<td>250 ml \/ 10 oz<\/td>\n<\/tr>\n<tr style=\"height: 13.50pt;\">\n<td style=\"height: 13.50pt;\" height=\"18\">Tvar<\/td>\n<td>Kulat\u00e1 sklen\u011bn\u00e1 n\u00e1doba<\/td>\n<\/tr>\n<tr style=\"height: 13.50pt;\">\n<td style=\"height: 13.50pt;\" height=\"18\">P\u0159\u00edslu\u0161enstv\u00ed<\/td>\n<td>Korkov\u00e9 v\u00ed\u010dko, d\u0159ev\u011bn\u00e1 l\u017e\u00edce, etiketa (mo\u017enost zak\u00e1zkov\u00e9 v\u00fdroby)<\/td>\n<\/tr>\n<tr style=\"height: 13.50pt;\">\n<td style=\"height: 13.50pt;\" height=\"18\">Obal<\/td>\n<td>12 sklenic v sad\u011b \/ kartonu<\/td>\n<\/tr>\n<tr style=\"height: 13.50pt;\">\n<td style=\"height: 13.50pt;\" height=\"18\">Aplikace<\/td>\n<td>N\u00e1doby na ko\u0159en\u00ed, d\u00f3za na cukr, n\u00e1doby na ko\u0159en\u00ed, d\u00f3za na ko\u0159en\u00ed<\/td>\n<\/tr>\n<tr style=\"height: 13.50pt;\">\n<td style=\"height: 13.50pt;\" height=\"18\">Re\u017eim nap\u00e1jen\u00ed<\/td>\n<td>Velkoobchodn\u00ed, velkoobchodn\u00ed a zak\u00e1zkov\u00e9 sklen\u011bn\u00e9 obaly od v\u00fdrobce<\/td>\n<\/tr>\n<tr style=\"height: 13.50pt;\">\n<td style=\"height: 13.50pt;\" height=\"18\">Logistika<\/td>\n<td>Balen\u00ed p\u0159ipraven\u00e9 k exportu pro bezpe\u010dnou p\u0159epravu a doru\u010den\u00ed po cel\u00e9m sv\u011bt\u011b<\/td>\n<\/tr>\n<\/tbody>\n<\/table>\n<h2>Kl\u00ed\u010dov\u00e9 vlastnosti<\/h2>\n<h3>Integrovan\u00fd design d\u0159ev\u011bn\u00e9 l\u017e\u00edce<\/h3>\n<p>Ka\u017ed\u00e1 sklen\u011bn\u00e1 ko\u0159enka obsahuje p\u0159\u00edrodn\u00ed d\u0159ev\u011bnou l\u017e\u00edci, kter\u00e1 se umis\u0165uje na bo\u010dn\u00ed dr\u017e\u00e1k, co\u017e usnad\u0148uje nab\u00edr\u00e1n\u00ed ko\u0159en\u00ed, cukru nebo pep\u0159e b\u011bhem va\u0159en\u00ed.<\/p>\n<h3>T\u011bsn\u011bn\u00ed v\u00edka z p\u0159\u00edrodn\u00edho korku<\/h3>\n<p>Siln\u00fd korkov\u00fd uz\u00e1v\u011br funguje jako p\u0159\u00edrodn\u00ed vrstva v\u00ed\u010dka, kter\u00e1 pom\u00e1h\u00e1 chr\u00e1nit such\u00e9 ingredience a z\u00e1rove\u0148 si zachov\u00e1v\u00e1 jednoduch\u00fd a ekologick\u00fd design.<\/p>\n<h3>Pr\u00e9miov\u00fd displej z \u010dir\u00e9ho skla<\/h3>\n<p>Pr\u016fhledn\u00e1 kulat\u00e1 sklen\u011bn\u00e1 lahvi\u010dka dob\u0159e zv\u00fdrazn\u00ed barvu a texturu ko\u0159en\u00ed, a je tak perfektn\u00ed volbou pro kolekce sklen\u011bn\u00fdch d\u00f3z v maloobchod\u011b, gurm\u00e1nsk\u00e9 kuchyn\u011b nebo zna\u010dkov\u00e9 d\u00e1rkov\u00e9 sady.<\/p>\n<h2>\u00dasp\u011b\u0161n\u00fd B2B p\u0159\u00edpad<\/h2>\n<p>Kanadsk\u00e1 zna\u010dka specializovan\u00e9ho gurm\u00e1nsk\u00e9ho ko\u0159en\u00ed hledala unik\u00e1tn\u00ed sklen\u011bn\u00e9 d\u00f3zy na ko\u0159en\u00ed, kter\u00e9 by slou\u017eily k balen\u00ed jej\u00edch pr\u00e9miov\u00fdch sm\u011bs\u00ed bylin a ko\u0159en\u00ed. Spole\u010dnost p\u016fsob\u00ed jako priv\u00e1tn\u00ed zna\u010dka potravin a online prodejce zam\u011b\u0159en\u00fd na nad\u0161ence do luxusn\u00ed kuchyn\u011b.<\/p>\n<p>Zadali po\u010d\u00e1te\u010dn\u00ed velkoobchodn\u00ed objedn\u00e1vku 12 000 sklen\u011bn\u00fdch d\u00f3z, p\u0159i\u010dem\u017e jako prim\u00e1rn\u00ed form\u00e1t balen\u00ed zvolili tuto 250ml sklen\u011bnou d\u00f3zu s d\u0159ev\u011bn\u00fdm v\u00edkem. Klient po\u017eadoval n\u011bkolik mo\u017enost\u00ed na m\u00edru, v\u010detn\u011b:<\/p>\n<ul>\n<li>Ti\u0161t\u011bn\u00e9 \u0161t\u00edtky s jejich identitou zna\u010dky<\/li>\n<li>Sada zak\u00e1zkov\u00fdch katalogov\u00fdch obal\u016f pro maloobchodn\u00ed vystaven\u00ed<\/li>\n<li>Grav\u00edrov\u00e1n\u00ed d\u0159ev\u011bn\u00e9 l\u017e\u00edce s logem<\/li>\n<\/ul>\n<p>Po uveden\u00ed produktov\u00e9 \u0159ady na trh vizu\u00e1ln\u011b v\u00fdrazn\u00e9 sklen\u011bn\u00e9 n\u00e1doby na ko\u0159en\u00ed v\u00fdrazn\u011b zlep\u0161ily atraktivitu v reg\u00e1lech a m\u00edru online konverze. B\u011bhem osmi m\u011bs\u00edc\u016f zaznamenala \u0159ada ko\u0159en\u00ed 40% n\u00e1r\u016fst prodeje a klient zadal opakovanou objedn\u00e1vku 20 000 n\u00e1dob, \u010d\u00edm\u017e roz\u0161\u00ed\u0159il balen\u00ed o ochucen\u00e9 oleje a gurm\u00e1nsk\u00e9 sm\u011bsi pep\u0159\u016f.<\/p>\n<h2>N\u00e1vrhy na p\u0159izp\u016fsoben\u00ed pro B2B aplikace<\/h2>\n<ol>\n<li><strong>Priv\u00e1tn\u00ed zna\u010dka<\/strong>P\u0159idejte si vlastn\u00ed \u0161t\u00edtky, potisk loga nebo grav\u00edrovan\u00e9 d\u0159ev\u011bn\u00e9 l\u017e\u00edce a vytvo\u0159te si tak v\u00fdrazn\u00e9 sklen\u011bn\u00e9 ko\u0159enky pro zna\u010dky potravin.<\/li>\n<li><strong>Balen\u00ed d\u00e1rkov\u00fdch sad pro maloobchod<\/strong>Vyvinout sady s v\u00edce sklenicemi pro sb\u00edrky ko\u0159en\u00ed nebo d\u00e1rkov\u00e9 balen\u00ed do kuchyn\u011b zam\u011b\u0159en\u00e9 na e-shopy a gurm\u00e1nsk\u00e9 prodejny.<\/li>\n<li><strong>Mo\u017enosti funk\u010dn\u00edho p\u0159\u00edslu\u0161enstv\u00ed<\/strong>Pou\u017eijte r\u016fzn\u00e9 v\u00ed\u010dka, vlo\u017eky nebo \u0161ejkry, abyste ze sklenice vytvo\u0159ili r\u016fzn\u00e9 n\u00e1doby na ko\u0159en\u00ed, jako je s\u016fl, pep\u0159, bylinky nebo ko\u0159en\u00edc\u00ed pr\u00e1\u0161ky.<\/li>\n<\/ol>","protected":false},"excerpt":{"rendered":"<p>Odoln\u00e1 sklen\u011bn\u00e1 n\u00e1doba o objemu 250 ml s d\u0159ev\u011bn\u00fdm v\u00edkem a l\u017ei\u010dkou. Pr\u00e9miov\u00e9 n\u00e1doby na ko\u0159en\u00ed pro velkoobchodn\u00ed prodej, hromadn\u00fd prodej a zak\u00e1zkov\u00e9 brandingy.<\/p>","protected":false},"featured_media":25335,"template":"","meta":[],"product_brand":[],"product_cat":[83,124,122,87,20,128],"product_tag":[],"class_list":{"0":"post-16452","1":"product","2":"type-product","3":"status-publish","4":"has-post-thumbnail","6":"product_cat-glass-jars","7":"product_cat-custom-glass-jars","8":"product_cat-custom-glass-packaging","9":"product_cat-food-storage-jars","10":"product_cat-glass-containers","11":"product_cat-spice-jars","13":"first","14":"instock","15":"shipping-taxable","16":"product-type-grouped"},"jetpack_sharing_enabled":true,"_links":{"self":[{"href":"https:\/\/yebodaglass.com\/cs\/wp-json\/wp\/v2\/product\/16452","targetHints":{"allow":["GET"]}}],"collection":[{"href":"https:\/\/yebodaglass.com\/cs\/wp-json\/wp\/v2\/product"}],"about":[{"href":"https:\/\/yebodaglass.com\/cs\/wp-json\/wp\/v2\/types\/product"}],"version-history":[{"count":5,"href":"https:\/\/yebodaglass.com\/cs\/wp-json\/wp\/v2\/product\/16452\/revisions"}],"predecessor-version":[{"id":25339,"href":"https:\/\/yebodaglass.com\/cs\/wp-json\/wp\/v2\/product\/16452\/revisions\/25339"}],"wp:featuredmedia":[{"embeddable":true,"href":"https:\/\/yebodaglass.com\/cs\/wp-json\/wp\/v2\/media\/25335"}],"wp:attachment":[{"href":"https:\/\/yebodaglass.com\/cs\/wp-json\/wp\/v2\/media?parent=16452"}],"wp:term":[{"taxonomy":"product_brand","embeddable":true,"href":"https:\/\/yebodaglass.com\/cs\/wp-json\/wp\/v2\/product_brand?post=16452"},{"taxonomy":"product_cat","embeddable":true,"href":"https:\/\/yebodaglass.com\/cs\/wp-json\/wp\/v2\/product_cat?post=16452"},{"taxonomy":"product_tag","embeddable":true,"href":"https:\/\/yebodaglass.com\/cs\/wp-json\/wp\/v2\/product_tag?post=16452"}],"curies":[{"name":"wp","href":"https:\/\/api.w.org\/{rel}","templated":true}]}}

Skleněná dóza na zakázku s dřevěným víkem a lžičkou na uchovávání koření 250ml

<p>Tato kulatá skleněná dóza s dřevěným víkem je vyrobena z čirého, bezolovnatého, sodného a vápenatého skla, které kromě toho, že nádobě dodává atraktivní vzhled na policích nebo pracovních deskách, také umožňuje vidět obsah po naplnění, např. cukr, pepř, směsi koření nebo koření na bázi oleje atd. Každá sklenice ze skla je dodávána s tlustým víkem z přírodního korku, malou dřevěnou lžičkou a malý držák na lžičku je chytře připevněn k boku dózy.</p>
<p>Díky této promyšlené konstrukci jsou tyto nádoby na koření praktické pro každodenní použití při vaření, pečení a dochucování. Lze je také použít jako dárkovou sadu, kolekci koření nebo jako jedno z dekorativních skleněných obalových řešení pro prémiové značky potravin.</p>
<h2>Klíčové specifikace</h2>
<table style="border-collapse: collapse; width: 80%; margin-left: auto; margin-right: auto;" border="0" width="80%" cellspacing="0" cellpadding="0">
<tbody>
<tr style="height: 13.50pt;">
<td style="height: 13.50pt; width: 110.25pt;" width="147" height="18">Typ produktu</td>
<td style="width: 455.25pt;" width="607">Skleněná nádoba s dřevěným víkem a lžičkou</td>
</tr>
<tr style="height: 13.50pt;">
<td style="height: 13.50pt;" height="18">Materiál</td>
<td>Bezolovnaté sodnovápenaté sklo + přírodní dřevěná lžíce + silný korkový uzávěr</td>
</tr>
<tr style="height: 13.50pt;">
<td style="height: 13.50pt;" height="18">Kapacita</td>
<td>250 ml / 10 oz</td>
</tr>
<tr style="height: 13.50pt;">
<td style="height: 13.50pt;" height="18">Tvar</td>
<td>Kulatá skleněná nádoba</td>
</tr>
<tr style="height: 13.50pt;">
<td style="height: 13.50pt;" height="18">Příslušenství</td>
<td>Korkové víčko, dřevěná lžíce, etiketa (možnost zakázkové výroby)</td>
</tr>
<tr style="height: 13.50pt;">
<td style="height: 13.50pt;" height="18">Obal</td>
<td>12 sklenic v sadě / kartonu</td>
</tr>
<tr style="height: 13.50pt;">
<td style="height: 13.50pt;" height="18">Aplikace</td>
<td>Nádoby na koření, dóza na cukr, nádoby na koření, dóza na koření</td>
</tr>
<tr style="height: 13.50pt;">
<td style="height: 13.50pt;" height="18">Režim napájení</td>
<td>Velkoobchodní, velkoobchodní a zakázkové skleněné obaly od výrobce</td>
</tr>
<tr style="height: 13.50pt;">
<td style="height: 13.50pt;" height="18">Logistika</td>
<td>Balení připravené k exportu pro bezpečnou přepravu a doručení po celém světě</td>
</tr>
</tbody>
</table>
<h2>Klíčové vlastnosti</h2>
<h3>Integrovaný design dřevěné lžíce</h3>
<p>Každá skleněná kořenka obsahuje přírodní dřevěnou lžíci, která se umisťuje na boční držák, což usnadňuje nabírání koření, cukru nebo pepře během vaření.</p>
<h3>Těsnění víka z přírodního korku</h3>
<p>Silný korkový uzávěr funguje jako přírodní vrstva víčka, která pomáhá chránit suché ingredience a zároveň si zachovává jednoduchý a ekologický design.</p>
<h3>Prémiový displej z čirého skla</h3>
<p>Průhledná kulatá skleněná lahvička dobře zvýrazní barvu a texturu koření, a je tak perfektní volbou pro kolekce skleněných dóz v maloobchodě, gurmánské kuchyně nebo značkové dárkové sady.</p>
<h2>Úspěšný B2B případ</h2>
<p>Kanadská značka specializovaného gurmánského koření hledala unikátní skleněné dózy na koření, které by sloužily k balení jejích prémiových směsí bylin a koření. Společnost působí jako privátní značka potravin a online prodejce zaměřený na nadšence do luxusní kuchyně.</p>
<p>Zadali počáteční velkoobchodní objednávku 12 000 skleněných dóz, přičemž jako primární formát balení zvolili tuto 250ml skleněnou dózu s dřevěným víkem. Klient požadoval několik možností na míru, včetně:</p>
<ul>
<li>Tištěné štítky s jejich identitou značky</li>
<li>Sada zakázkových katalogových obalů pro maloobchodní vystavení</li>
<li>Gravírování dřevěné lžíce s logem</li>
</ul>
<p>Po uvedení produktové řady na trh vizuálně výrazné skleněné nádoby na koření výrazně zlepšily atraktivitu v regálech a míru online konverze. Během osmi měsíců zaznamenala řada koření 40% nárůst prodeje a klient zadal opakovanou objednávku 20 000 nádob, čímž rozšířil balení o ochucené oleje a gurmánské směsi pepřů.</p>
<h2>Návrhy na přizpůsobení pro B2B aplikace</h2>
<ol>
<li><strong>Privátní značka</strong>Přidejte si vlastní štítky, potisk loga nebo gravírované dřevěné lžíce a vytvořte si tak výrazné skleněné kořenky pro značky potravin.</li>
<li><strong>Balení dárkových sad pro maloobchod</strong>Vyvinout sady s více sklenicemi pro sbírky koření nebo dárkové balení do kuchyně zaměřené na e-shopy a gurmánské prodejny.</li>
<li><strong>Možnosti funkčního příslušenství</strong>Použijte různé víčka, vložky nebo šejkry, abyste ze sklenice vytvořili různé nádoby na koření, jako je sůl, pepř, bylinky nebo kořenící prášky.</li>
</ol>

<p>Odolná skleněná nádoba o objemu 250 ml s dřevěným víkem a lžičkou. Prémiové nádoby na koření pro velkoobchodní prodej, hromadný prodej a zakázkové brandingy.</p>
